{"id":781,"date":"2020-09-05T11:22:00","date_gmt":"2020-09-05T08:22:00","guid":{"rendered":"http:\/\/teeksu.ayy.fi\/wordpress\/?page_id=781"},"modified":"2020-09-05T11:22:00","modified_gmt":"2020-09-05T08:22:00","slug":"polisprint-covid-19-ohje","status":"publish","type":"page","link":"https:\/\/www.teeksu.fi\/index.php\/polisprint-covid-19-ohje\/","title":{"rendered":"Polisprint COVID-19 ohje"},"content":{"rendered":"\n<h2 class=\"wp-block-heading\">Ohje COVID-19 tartuntariskin eliminoimiseksi Polisprint tapahtumassa<\/h2>\n\n\n\n<p>(P\u00e4ivitetty 5.9.2020)<\/p>\n\n\n\n<ol class=\"wp-block-list\"><li>Jokaisen tapahtumaan osallistuvan henkil\u00f6n on noudatettava yleisi\u00e4 ohjeita COVID-19 -tartuntariskin minimoimiseksi.<\/li><li>Jos et ole t\u00e4ysin terve, \u00e4l\u00e4 osallistu tapahtumaan \u00e4l\u00e4k\u00e4 my\u00f6sk\u00e4\u00e4n tule tapahtumaan.<\/li><li>Pid\u00e4 1-2 metrin turvav\u00e4li toisiin henkil\u00f6ihin tapahtumakeskuksessa ja tapahtuman aikana.<\/li><li>Huolehdi oma-aloitteisesti hyv\u00e4st\u00e4 k\u00e4sihygieniasta. Tapahtumassa k\u00e4sidesi\u00e4 tarjolla.<\/li><li>Pyri olemaan tapahtumakeskuksessa vain tarvittavan ajan. Tule tekem\u00e4\u00e4n oma suoritus ja poistu tapahtumasta.<\/li><li>Huolehdi my\u00f6s tapahtuman l\u00e4ht\u00f6alueella 1-2 metrin turvav\u00e4list\u00e4.<\/li><li>Pyri v\u00e4ltt\u00e4m\u00e4\u00e4n maastossa l\u00e4hikontakteja. V\u00e4lt\u00e4 koskemista k\u00e4sin leimasimeen leimauksen yhteydess\u00e4 ja maalissa leimantarkastuksessa.<\/li><\/ol>\n","protected":false},"excerpt":{"rendered":"<p>Ohje COVID-19 tartuntariskin eliminoimiseksi Polisprint tapahtumassa (P\u00e4ivitetty 5.9.2020) Jokaisen tapahtumaan osallistuvan henkil\u00f6n on noudatettava yleisi\u00e4 ohjeita COVID-19 -tartuntariskin minimoimiseksi. Jos et ole t\u00e4ysin terve, \u00e4l\u00e4 osallistu tapahtumaan \u00e4l\u00e4k\u00e4 my\u00f6sk\u00e4\u00e4n tule tapahtumaan. Pid\u00e4 1-2 metrin turvav\u00e4li toisiin henkil\u00f6ihin tapahtumakeskuksessa ja tapahtuman aikana. Huolehdi oma-aloitteisesti hyv\u00e4st\u00e4 k\u00e4sihygieniasta. Tapahtumassa k\u00e4sidesi\u00e4 tarjolla. Pyri olemaan tapahtumakeskuksessa vain tarvittavan ajan. Tule [&hellip;]<\/p>\n","protected":false},"author":2,"featured_media":0,"parent":0,"menu_order":0,"comment_status":"closed","ping_status":"closed","template":"","meta":{"footnotes":""},"class_list":["post-781","page","type-page","status-publish","hentry"],"_links":{"self":[{"href":"https:\/\/www.teeksu.fi\/index.php\/wp-json\/wp\/v2\/pages\/781","targetHints":{"allow":["GET"]}}],"collection":[{"href":"https:\/\/www.teeksu.fi\/index.php\/wp-json\/wp\/v2\/pages"}],"about":[{"href":"https:\/\/www.teeksu.fi\/index.php\/wp-json\/wp\/v2\/types\/page"}],"author":[{"embeddable":true,"href":"https:\/\/www.teeksu.fi\/index.php\/wp-json\/wp\/v2\/users\/2"}],"replies":[{"embeddable":true,"href":"https:\/\/www.teeksu.fi\/index.php\/wp-json\/wp\/v2\/comments?post=781"}],"version-history":[{"count":0,"href":"https:\/\/www.teeksu.fi\/index.php\/wp-json\/wp\/v2\/pages\/781\/revisions"}],"wp:attachment":[{"href":"https:\/\/www.teeksu.fi\/index.php\/wp-json\/wp\/v2\/media?parent=781"}],"curies":[{"name":"wp","href":"https:\/\/api.w.org\/{rel}","templated":true}]}}